n 45916 is divided by 5325.
3316
What is the remainder when 48485 is divided by 623?
514
Calculate the remainder when 261682 is divided by 643.
624
Calculate the remainder when 10441 is divided by 169.
132
Calculate the remainder when 56654697 is divided by 30.
27
Calculate the remainder when 21430 is divided by 822.
58
What is the remainder when 27001506 is divided by 3375185?
26
What is the remainder when 3660049 is divided by 1724?
1721
What is the remainder when 11724085 is divided by 1151?
1150
What is the remainder when 22513752 is divided by 7504581?
9
Calculate the remainder when 8794509 is divided by 546.
87
What is the remainder when 981495069 is divided by 72?
69
What is the remainder when 98366 is divided by 24365?
906
Calculate the remainder when 231820 is divided by 231776.
44
What is the remainder when 25303 is divided by 8172?
787
Calculate the remainder when 189962 is divided by 2672.
250
What is the remainder when 3825294 is divided by 129?
57
What is the remainder when 138580 is divided by 27518?
990
Calculate the remainder when 69364552 is divided by 6.
4
What is the remainder when 139023 is divided by 362?
15
Calculate the remainder when 50153 is divided by 5533.
356
What is the remainder when 417925 is divided by 1050?
25
What is the remainder when 9267057 is divided by 37979?
181
What is the remainder when 915795 is divided by 1928?
1923
Calculate the remainder when 8966100 is divided by 6141.
240
Calculate the remainder when 22795573 is divided by 5305.
5293
What is the remainder when 1311107 is divided by 576?
131
Calculate the remainder when 45605557 is divided by 1540.
1537
What is the remainder when 30253411 is divided by 1689?
43
Calculate the remainder when 19423 is divided by 19210.
213
What is the remainder when 9643711 is divided by 2452?
2447
Calculate the remainder when 8297402 is divided by 5648.
490
What is the remainder when 2539808 is divided by 8166?
182
What is the remainder when 929849 is divided by 309924?
77
What is the remainder when 15497347 is divided by 49?
19
Calculate the remainder when 5757726 is divided by 85.
81
Calculate the remainder when 229279 is divided by 76343.
250
What is the remainder when 31204286 is divided by 46092?
2
What is the remainder when 1963872 is divided by 10?
2
What is the remainder when 2961840 is divided by 2004?
1932
Calculate the remainder when 187651020 is divided by 235.
230
Calculate the remainder when 42751 is divided by 869.
170
What is the remainder when 2083304 is divided by 11770?
14
What is the remainder when 162896 is divided by 366?
26
What is the remainder when 2356366 is divided by 594?
562
Calculate the remainder when 56304 is divided by 1278.
72
Calculate the remainder when 2471162 is divided by 2056.
1906
Calculate the remainder when 535849973 is divided by 42.
29
Calculate the remainder when 194478 is divided by 6935.
298
Calculate the remainder when 13988038 is divided by 4662654.
76
Calculate the remainder when 9259349 is divided by 104.
21
What is the remainder when 181613 is divided by 59821?
2150
Calculate the remainder when 694909 is divided by 6134.
1767
What is the remainder when 8308077 is divided by 36?
33
Calculate the remainder when 29714 is divided by 210.
104
Calculate the remainder when 2478858 is divided by 1816.
18
Calculate the remainder when 17918944 is divided by 476.
400
Calculate the remainder when 278006 is divided by 306.
158
What is the remainder when 1797 is divided by 1524?
273
What is the remainder when 8835246 is divided by 510?
6
What is the remainder when 84574878 is divided by 292?
290
Calculate the remainder when 634768 is divided by 3669.
31
Calculate the remainder when 3542269 is divided by 70845.
19
Calculate the remainder when 104660 is divided by 20346.
2930
What is the remainder when 183863 is divided by 454?
447
What is the remainder when 458341 is divided by 196?
93
Calculate the remainder when 523947 is divided by 130833.
615
Calculate the remainder when 161637 is divided by 138.
39
Calculate the remainder when 71147554 is divided by 158.
154
Calculate the remainder when 23891797 is divided by 1518.
1513
Calculate the remainder when 586134 is divided by 5530.
5484
Calculate the remainder when 15884 is divided by 11610.
4274
What is the remainder when 165098 is divided by 74215?
16668
What is the remainder when 2210869 is divided by 736939?
52
Calculate the remainder when 659635 is divided by 99.
97
What is the remainder when 44403841 is divided by 1040?
1
Calculate the remainder when 22915104 is divided by 153.
141
Calculate the remainder when 9922690 is divided by 1417527.
1
What is the remainder when 760363 is divided by 925?
13
What is the remainder when 58730 is divided by 1991?
991
Calculate the remainder when 21541236 is divided by 38.
24
Calculate the remainder when 6914849 is divided by 4964.
4961
What is the remainder when 10521176 is divided by 2612?
40
What is the remainder when 40707 is divided by 10019?
631
Calculate the remainder when 126063887 is divided by 106.
101
What is the remainder when 3643585 is divided by 1047?
25
Calculate the remainder when 39688788 is divided by 1150.
1138
What is the remainder when 134637036 is divided by 4343130?
6
What is the remainder when 1518592 is divided by 123?
34
What is the remainder when 1386357 is divided by 36483?
3
Calculate the remainder when 143843 is divided by 7089.
2063
What is the remainder when 11977748 is divided by 798511?
83
Calculate the remainder when 265442 is divided by 240.
2
Calculate the remainder when 3934925 is divided by 44.
5
Calculate the remainder when 355859 is divided by 2803.
2681
Calculate the remainder when 348829 is divided by 38664.
853
Calculate the remainder when 4797075 is divided by 68.
15
Calculate the remainder when 3359410 is divided by 48.
34
What is the remainder when 819816 is divided by 27327?
6
Calculate the remainder when 19491120 is divided by 3695.
3690
Calculate the remainder when 267854 is divided by 5343.
704
Calculate the remainder when 3629127 is divided by 2313.
30
What is the remainder when 774609 is divided by 1531?
1454
Calculate the remainder when 681941 is divided by 170481.
17
What is the remainder when 202032 is divided by 64706?
7914
What is the remainder when 123442 is divided by 357?
277
Calculate the remainder when 9026833 is divided by 9403.
9356
What is the remainder when 77419 is divided by 765?
154
Calculate the remainder when 2537750 is divided by 394.
390
Calculate the remainder when 382502 is divided by 127221.
839
What is the remainder when 7641348 is divided by 658?
652
Calculate the remainder when 18423 is divided by 1356.
795
Calculate the remainder when 800944 is divided by 50059.
0
What is the remainder when 834489 is divided by 10045?
754
What is the remainder when 2136282 is divided by 267?
15
Calculate the remainder when 988404 is divided by 5944.
1700
What is the remainder when 538206 is divided by 699?
675
What is the remainder when 304989 is divided by 100?
89
What is the remainder when 1451144 is divided by 85?
24
What is the remainder when 491700 is divided by 69737?
3541
What is the remainder when 1806167 is divided by 35?
27
Calculate the remainder when 14132 is divided by 1960.
412
Calculate the remainder when 7771460 is divided by 250692.
8
Calculate the remainder when 5499572 is divided by 81.
77
Calculate the remainder when 716796 is divided by 660.
36
Calculate the remainder when 2388130 is divided by 492.
454
Calculate the remainder when 20721212 is divided by 3453525.
62
Calculate the remainder when 100186 is divided by 185.
101
Calculate the remainder when 290776357 is divided by 43.
37
What is the remainder when 154228 is divided by 3577?
417
What is the remainder when 15461 is divided by 6899?
1663
What is the remainder when 82213677 is divided by 99?
18
What is the remainder when 3705452 is divided by 904?
860
Calculate the remainder when 84031 is divided by 309.
292
What is the remainder when 15105954 is divided by 3556?
66
What is the remainder when 266291 is divided by 3244?
283
What is the remainder when 6276096 is divided by 304?
16
Calculate the remainder when 1134441 is divided by 226886.
11
Calculate the remainder when 8703618 is divided by 1